{"id":728,"date":"2025-09-13T23:32:07","date_gmt":"2025-09-13T20:32:07","guid":{"rendered":"https:\/\/alburadan.com\/?post_type=product&#038;p=728"},"modified":"2025-09-13T23:32:07","modified_gmt":"2025-09-13T20:32:07","slug":"oral-b-stages-dis-fircasi-3-5-yas-cocuk-12li-karma-paket-3014260099206","status":"publish","type":"product","link":"https:\/\/alburadan.com\/index.php\/product\/oral-b-stages-dis-fircasi-3-5-yas-cocuk-12li-karma-paket-3014260099206\/","title":{"rendered":"Oral-B Stages Di\u015f F\u0131r\u00e7as\u0131 3 &#8211; 5 Ya\u015f \u00c7ocuk (12&#8217;li Karma Paket) 3014260099206"},"content":{"rendered":"<p>Frozen veya \u015eim\u015fek McQueen fig\u00fcrlerine sahip Oral-B Stages \u00c7ocuk Di\u015f F\u0131r\u00e7as\u0131 iyi bir temizlik i\u00e7in m\u00fckemmel \u00e7ocuk di\u015f f\u0131r\u00e7as\u0131d\u0131r. Oral B Ekstra Yumu\u015fak \u00c7ocuk Di\u015f F\u0131r\u00e7as\u0131 \u00e7ocuklar\u0131n hassas di\u015f etlerine ve di\u015flerine uygundur, kolay kullan\u0131m\u0131 ve e\u011flenceli tasar\u0131m\u0131yla di\u015f f\u0131r\u00e7alamay\u0131 keyifli hale getirir.<\/p>\n","protected":false},"excerpt":{"rendered":"<p>Frozen veya \u015eim\u015fek McQueen fig\u00fcrlerine sahip Oral-B Stages \u00c7ocuk Di\u015f F\u0131r\u00e7as\u0131 iyi bir temizlik i\u00e7in m\u00fckemmel \u00e7ocuk di\u015f f\u0131r\u00e7as\u0131d\u0131r<\/p>\n","protected":false},"featured_media":729,"template":"","meta":[],"product_brand":[],"product_cat":[31],"product_tag":[],"class_list":{"0":"post-728","1":"product","2":"type-product","3":"status-publish","4":"has-post-thumbnail","6":"product_cat-dis-fircalari","8":"first","9":"instock","10":"sale","11":"shipping-taxable","12":"purchasable","13":"product-type-simple"},"jetpack_sharing_enabled":true,"_links":{"self":[{"href":"https:\/\/alburadan.com\/index.php\/wp-json\/wp\/v2\/product\/728","targetHints":{"allow":["GET"]}}],"collection":[{"href":"https:\/\/alburadan.com\/index.php\/wp-json\/wp\/v2\/product"}],"about":[{"href":"https:\/\/alburadan.com\/index.php\/wp-json\/wp\/v2\/types\/product"}],"wp:featuredmedia":[{"embeddable":true,"href":"https:\/\/alburadan.com\/index.php\/wp-json\/wp\/v2\/media\/729"}],"wp:attachment":[{"href":"https:\/\/alburadan.com\/index.php\/wp-json\/wp\/v2\/media?parent=728"}],"wp:term":[{"taxonomy":"product_brand","embeddable":true,"href":"https:\/\/alburadan.com\/index.php\/wp-json\/wp\/v2\/product_brand?post=728"},{"taxonomy":"product_cat","embeddable":true,"href":"https:\/\/alburadan.com\/index.php\/wp-json\/wp\/v2\/product_cat?post=728"},{"taxonomy":"product_tag","embeddable":true,"href":"https:\/\/alburadan.com\/index.php\/wp-json\/wp\/v2\/product_tag?post=728"}],"curies":[{"name":"wp","href":"https:\/\/api.w.org\/{rel}","templated":true}]}}